prime factors of c?
3, 487
Let n = -44 + 49. Let i(x) = -x**3 - 6*x**2 - 2*x - 8. Let p be i(-6). Suppose -26 = k - p*k - n*w, -4*w = 4*k - 32. What are the prime factors of k?
7
Let r(x) = 32*x**3 + 12*x**2 - 14*x + 16. List the prime factors of r(5).
2, 11, 193
Suppose 10*d - 1602 = 7*d. What are the prime factors of d?
2, 3, 89
Let k(b) = b**3 - 7*b**2 - 3. Let r be k(7). Let d(p) = p**3 - 4*p + 1. Let y be d(r). List the prime factors of 170/6 - y/21.
29
Let a(z) = z**3 + 19*z**2 + 27*z - 21. What are the prime factors of a(-16)?
3, 5, 7
Suppose -5*h + 2 = -23. Suppose 0 = 2*c - h*b - 20, 2*c - 4*b = -0*c + 20. Let i = c - -7. What are the prime factors of i?
17
Let x(b) = -8*b + 1. Let r be x(-1). Let u(n) = n**2 + 11*n + 58. Let v be u(11). Suppose -4*a - v = -r*a. List the prime factors of a.
2, 3, 5
Suppose 4504 = 8*l - 368. List the prime factors of l.
3, 7, 29
Let w(n) = -n**3 + 8*n**2 + 4*n + 8. Let s be w(8). What are the prime factors of ((-504)/(-35))/(6/s)?
2, 3
Let x(d) = 12*d**3 - d**2 - 5*d + 2. What are the prime factors of x(2)?
2, 3, 7
Let x be 876/54 + 4/(-18). Let v = -16 + x. What are the prime factors of -3 + (19 - v) - 1?
3, 5
Let n(i) = 32*i + 4. Let o = -2 + 5. What are the prime factors of n(o)?
2, 5
Suppose -5*s - 3*w = -5, -w - 9 = -s - 0*w. Suppose -3*j + 329 = s*j. What are the prime factors of j?
47
Suppose 8*v - 48 = 2*v. Suppose -242 = -v*w + 46. List the prime factors of w.
2, 3
Let k(t) = 0 - t**2 + 24*t - 24*t - 2. Let c(u) = -1. Let b(w) = 2*c(w) - k(w). List the prime factors of b(-5).
5
Suppose -21*n = -22*n - 4. What are the prime factors of 1/4 - (-1)/n - -109?
109
Let a = -12 + 11. Let u(c) = 9*c**2 - 5*c - 1. Let i(y) = -y**2 - y. Let t(d) = -3*i(d) + u(d). List the prime factors of t(a).
13
Suppose -6*x + 432 = -5*x. Suppose 3*j = 2*j + x. Suppose -8*v + j = -0*v. List the prime factors of v.
2, 3
Let x be ((-171)/76)/((-3)/8). Suppose -x*m = -113 - 931. List the prime factors of m.
2, 3, 29
Let z(r) = 3*r**2 + 26*r + 6. Let j(f) = -f**2 - 9*f - 1. Let c be j(-10). What are the prime factors of z(c)?
83
Let g be (-1 + 1 + 3)*8. Suppose -5*w + 1 = -g. Suppose -181 = -w*h - y, 2*h + 0*y - 58 = -4*y. What are the prime factors of h?
37
Let w(a) = -a**3 + 4*a**2 + 6*a - 5. Let x be w(5). Suppose x*g + 5*g - 7 = -4*m, -5*m = 10. Let j = 9 + g. List the prime factors of j.
2, 3
Let b(k) = 8*k**2 - 3*k + 3. Let c be b(-3). Suppose 0*u = -6*u - c. Let v(f) = f**2 + 12*f + 7. List the prime factors of v(u).
5, 7
Let p be (16/(-6))/4*-72. Let h(g) = -2*g**2 + 6*g - 6. Let a be h(5). Let q = a + p. What are the prime factors of q?
2, 11
Let l(c) = 19*c + 11. Let y be l(5). Suppose -8*j = -9*j + y. List the prime factors of j.
2, 53
Suppose -3*h = 1 + 11. Let v = h + 9. List the prime factors of (14/(-5))/(v/(-25)).
2, 7
Let j = -95 + 20. Let q = -38 - j. Suppose -99 = -4*f + q. List the prime factors of f.
2, 17
Let q(c) = -c**3 - 11*c**2 + 18*c - 9. What are the prime factors of q(-13)?
5, 19
List the prime factors of 1*(5 + (2 - 1)).
2, 3
Let x = -39 + 39. Suppose -5*i + x*i = -z + 7, -2*z + 44 = -4*i. List the prime factors of z.
2
Let n = -496 + 963. What are the prime factors of n?
467
Let o = -9 + 12. Suppose 0 = 2*b + 3*q - 275 - 40, -455 = -o*b - q. Suppose 0 = -z + 6*z - b. What are the prime factors of z?
2, 3, 5
Let k(n) = -n**3 - 2*n**2 + 417. List the prime factors of k(0).
3, 139
Let p(m) = 336*m + 36. What are the prime factors of p(5)?
2, 3, 11, 13
Suppose 29*w = 31*w - 44. Let l be (-2)/(-2*(-1)/2). Let q = l + w. List the prime factors of q.
2, 5
List the prime factors of 1407 + -4*(-18)/(-12) - 0.
3, 467
Suppose 2*n - 15*n = -4420. What are the prime factors of n?
2, 5, 17
Let y(f) = 4*f**2 + 76*f + 45. What are the prime factors of y(-28)?
3, 13
Suppose 2*w + 10 = 0, -4*u + 12 + 17 = -5*w. List the prime factors of (u + 5/3)*39.
2, 13
Let x be (-1 - 3)/(-8)*0. Let p(r) = r**3 + r**2 + r + 150. Let s be p(x). Suppose 13*j - s = 10*j. List the prime factors of j.
2, 5
Suppose 0 = -0*x + 2*x + 8. Let o(n) = n**3 + 6*n**2 + 3*n + 6. Let l be o(x). Let c = l - 7. What are the prime factors of c?
19
Suppose 0 = 4*h + 4 - 16. Suppose 3*r + h = -0, -f + 99 = -3*r. Suppose f = 2*u + 2*m, 4*m - 5*m = 2*u - 98. List the prime factors of u.
2, 5
Suppose -3*n - 6852 = -15*n. List the prime factors of n.
571
Let x = 27 + -24. Let v(d) = 3*d - 8. Let h be v(x). What are the prime factors of h + -1 - (-12 + -8)?
2, 5
Suppose -2*z + 2*f + 701 = -129, 1240 = 3*z - 2*f. Suppose -3*p + 4*h + z = 0, -2*p + 60 + 175 = 5*h. List the prime factors of p.
2, 5, 13
Let b(n) = -2*n - 1 + 8 + 0*n. Let h(r) = -r + 2. Let f(w) = 6*b(w) - 17*h(w). What are the prime factors of f(13)?
73
Let r(i) = 4*i**2 + 25*i - 19. List the prime factors of r(22).
2467
Let q(g) = g**2 + 8*g + 2. Let o be q(-8). Suppose 31 = -7*d + o*d + 2*h, h = 4*d + 23. What are the prime factors of (4/d)/((-5)/75)?
2, 3
Let h(a) be the third derivative of -a**4/24 + 4*a**3/3 - 6*a**2. Let x be h(6). Suppose -3*l = x*j - 3*j - 5, -11 = -5*l - j. List the prime factors of l.
2
Suppose 4*y - 44 = -16. Suppose 4*c = y*c - 243. Let l = 119 - c. List the prime factors of l.
2, 19
Suppose 17*f = 20*f - 1287. List the prime factors of (-6)/4 + 3*f/18.
2, 5, 7
Suppose 3*t + 5*m - 6*m - 2563 = 0, -3415 = -4*t - m. List the prime factors of (-2)/(-11) - t/(-22).
3, 13
Suppose x = 3*d + 2*d + 121, 5*d + 4*x + 116 = 0. Let p be (-26)/(-3)*(10 - 1). Let i = d + p. List the prime factors of i.
2, 3
Suppose -q - 1359 = -4*j + 10604, -2*j + q + 5983 = 0. List the prime factors of j.
2, 5, 13, 23
Suppose -3*j + 28 = j. Suppose -j*a - 7*a + 1232 = 0. What are the prime factors of a?
2, 11
Suppose 0 = 2*r + 7*h - 12*h - 419, 4*h + 1056 = 5*r. List the prime factors of r.
2, 53
Let f be 220 + 4/4*-1. Suppose -v + 41 = 3*k - 16, 3*k - f = -4*v. List the prime factors of v.
2, 3
Suppose 4 = r, 5*r - 13 = 2*j + 9. List the prime factors of (-1839)/(-12) + j/4.
3, 17
What are the prime factors of 1 + 0 + (1548 - 1)?
2, 3, 43
Let z be -11 - -32 - (2 - 0 - -1). Suppose 4*m + 40 = m + 5*c, 0 = 4*m + 2*c + 10. Let t = z - m. List the prime factors of t.
23
Let a(y) = -y + 14. Suppose -f - 3*z = 10, 5*f = -4*z + 6*z - 33. What are the prime factors of a(f)?
3, 7
Suppose 39*j - 42*j + 2199 = 0. What are the prime factors of j?
733
Suppose y - 4*c - 47 - 42 = 0, 0 = 2*c + 2. Suppose 0 = z - 6*z - 2*h + 140, -y = -2*z + 5*h. Let q = -26 + z. What are the prime factors of q?
2
List the prime factors of (-100)/(-20) + 1*-8 + 1367.
2, 11, 31
Suppose -3*t + 51 = -9. Let d be 5/(t/304) + 1. Let p = d + -38. List the prime factors of p.
3, 13
Let u(y) = -24*y**3 + y**2 + 2*y + 1. Let a(v) = v**2 - 7*v + 2. Let c be a(7). Suppose b - 3*i = -3*b + c, b = -i - 3. What are the prime factors of u(b)?
2, 3
Suppose -2*d = 3*d - 15. Suppose 0 = -d*w - 2 - 4. Let n = 6 + w. List the prime factors of n.
2
Suppose -2*q - 16 = 6*q. Let m(v) = 17*v**2 + 4*v + 5. What are the prime factors of m(q)?
5, 13
Let n = -610 + 609. Suppose 2*h - 39 = 99. List the prime factors of (n + 4)*h/9.
23
Let t(z) = 3*z + 3. Let h(u) = -2*u - 2. Let y(r) = -6*h(r) - 5*t(r). List the prime factors of y(-4).
3
Let l = 8291 + -5438. What are the prime factors of l?
3, 317
Suppose 5*q = -j + 110, 40*q - 3*j = 42*q - 31. What are the prime factors of q?
23
Let j = -55 + 121. Suppose -3*k - 4*q = -2 - j, -3*k = 5*q - 73. Let m = k - -7. What are the prime factors of m?
23
Let r(y) = y**3 - 18*y**2 - 19*y + 6. Let v be r(19). Suppose v*d = 2*d + 72. What are the prime factors of d?
2, 3
Let l = 32 + -81. Let w be 1 - l - -3 - -3. Suppose 4*n - w = 2*n. List the prime factors of n.
2, 7
Let o be 19/(1 + (2 - 2)/4). Suppose 20*b - 63 = o*b. What are the prime factors of b?
3, 7
Let s(r) = 7*r - 4. Let h = -6 - -10. Suppose h*o - 11 = -3. What are the prime factors of s(o)?
2, 5
Suppose -2*j = j + 27. Let a = j - -13. Suppose a*w - 13 = 3. List the prime factors of w.
2
Suppose 40 = -4*w - 104. Let y be (-7)/(28/(-12)) + w. Let n = -7 - y. List the prime factors of n.
2, 13
Suppose 5*s = 3*i + 31, 0 = -2*s - 3*s - 3*i + 19. Suppose s = -t, 2*t = -3*p - t + 60. What are the prime factors of p?
5
Let w be 3/6 + 1587/6. Suppo